 14. Let v be c(-9). Suppose 0 = -6*w - x + v. What are the prime factors of w?
151
Let x(n) = -n**3 + 7*n**2 + 7*n + 12. Let c be x(8). Let q(k) be the first derivative of k**4 - 2*k**3/3 - 2*k**2 + 2*k + 8. What are the prime factors of q(c)?
2, 3, 5, 7
What are the prime factors of 5 - (-11 + 4281)/(-5)?
859
Let t be 954/(-8) - (15/(-12) + 1). Suppose -11*l + 5*l = -1404. Let b = l + t. What are the prime factors of b?
5, 23
List the prime factors of (-3 - (-25 - -11)) + 16781.
2, 2099
Suppose 26*a - 30993 - 36061 = 0. What are the prime factors of a?
2579
Suppose -309*g + 1512000 = -169*g. List the prime factors of g.
2, 3, 5
Suppose q + 117 = 3*m, -2*m - q - 2*q = -78. Let c = m + -40. List the prime factors of ((-124)/(-3))/1 - c/(-3).
41
Let w = 660 - 660. Suppose 2*g + 5*p - 880 = w, -8*g + 11*g - 5*p = 1320. List the prime factors of g.
2, 5, 11
Suppose 0 = 5*d + 3*c - 47497, 0 = -3*d + 26*c - 23*c + 28527. List the prime factors of d.
13, 17, 43
Suppose -38*z + 40*z - 856 = 0. Let x be (z/18)/(-1) - (-4)/(-18). Let r = 167 + x. List the prime factors of r.
11, 13
Suppose -469441 = -27*v - 151138. List the prime factors of v.
11789
Suppose -23*n + 11*n + 620964 - 33828 = 0. What are the prime factors of n?
2, 11, 139
Let c = 3 + 2. Suppose q = -2, 386 - 143 = c*p - 4*q. List the prime factors of p.
47
Let t be (-188)/36 + 5 - 14/18. Let m be (0 + t)/(0 + (-2)/10). Suppose m*v + v - 810 = 0. What are the prime factors of v?
3, 5
Suppose -2*h - 9 = -21. Suppose -3*k + 34 = 2*s, h*s - 4*s = -4*k + 48. Suppose 2*j - k = -0. What are the prime factors of j?
7
Suppose 658090 - 735862 - 2355684 = -774*s. What are the prime factors of s?
2, 3, 131
Let m(v) = 896*v**2 - 57*v + 30. List the prime factors of m(3).
3, 19, 139
Suppose 0 = 7*h - 149 - 71272. What are the prime factors of h?
3, 19, 179
Suppose -12*g + 16 + 68 = 0. Suppose 2*j = k + 2170, g*j - 3*k + 1078 = 8*j. List the prime factors of j.
2, 271
Let i be ((-1799)/(-49))/(((-18)/(-21))/6). List the prime factors of 4*i - (29 + -26).
5, 41
Let l = 0 - -2. Suppose c - 65 = l*c. Let j = c + 99. What are the prime factors of j?
2, 17
Suppose 5*f + 5*x - 5635 = 0, 3*f + 36*x = 40*x + 3430. List the prime factors of f.
2, 3, 7
Suppose 100 = -j + 4*t, j - 475 = 5*j - t. Let a = 111 + j. List the prime factors of (-30)/5*183/a.
2, 61
Let n(a) = a**3 + 4*a**2 - a - 1. Let q be n(-4). Suppose -2*i + 3*l + 105 = 0, 0 = q*l - 4 - 11. Let h = 41 + i. What are the prime factors of h?
101
Let c be 12*4*((-7)/2)/(-7). Let v be (12/c)/((-1)/(-6)). List the prime factors of v/(-2)*(-158)/3.
79
Suppose -288 = -21*i - 3*i. Let z(n) = 6*n**2 + 5*n - 90. List the prime factors of z(i).
2, 3, 139
Let a(v) = -13*v + 1. Let d be a(-14). Suppose -4*m = -d - 373. Suppose -z + m = 2*c - 88, -5*c = -3*z - 595. List the prime factors of c.
2, 29
List the prime factors of (-5)/(-4) + (-38)/(-760)*929935.
2, 67, 347
Suppose 3*t + h - 28 = 0, 12 = 4*t - 5*h - 19. Suppose 3*z = -t*q + 4*q + 1, -q - 1 = 0. Suppose -9 = -3*y, 3*k = z*k + y + 139. List the prime factors of k.
2, 71
Let d = 105 + -72. Let y = -24 + d. Suppose -4*a + y*a + 39 = t, 4*t - a - 99 = 0. What are the prime factors of t?
2, 3
Let u be -1*(4742/4 + (-9)/18). Let r = 3205 + u. Suppose -11*b + r = 315. List the prime factors of b.
5, 31
List the prime factors of (-14)/2 + (2 - 0) + -1 - -5146.
2, 5, 257
Let j(l) = -l**3 - 15*l**2 + 22*l - 113. List the prime factors of j(-25).
37, 151
Let n = 745 - -5900. What are the prime factors of n?
3, 5, 443
Let f be -3 + 1 + (10 - 8)*1. Suppose f = 284*v - 278*v - 5676. List the prime factors of v.
2, 11, 43
Suppose -10*m = -m - 270. Let u be 2/(-10) + (192/m)/2. Suppose x - 5*x + 5*n + 209 = 0, 2*x = -u*n + 77. What are the prime factors of x?
2, 23
Suppose 3*o + 8*o = 0. Let x be (o/(-4) + -6)*2/(-4). Suppose -8*l + 275 = x*l. What are the prime factors of l?
5
Let o(p) = -2*p**2 - 28*p + 18. Let h be o(-14). Suppose h*d - 8*d - 8380 = 0. List the prime factors of d.
2, 419
Let u = 14 - 4. Suppose -5*w = -3*a - u, 4*a + 0 = w - 2. Suppose a = 7*n - 2*n - 3*l - 738, 0 = 4*n + 5*l - 583. List the prime factors of n.
3, 7
Suppose -5*n + 237*n - 140602 = 3402038. List the prime factors of n.
2, 3, 5, 509
Let r be (26 + 1)*(-103)/(-309). Let w(v) = -2*v**2 + v + 4. Let i be w(2). List the prime factors of (-6)/r*195/i.
5, 13
Let j(k) = 3*k**3 - 19*k**2 - 48*k + 135. Let b(f) = f**3 - 6*f**2 - 16*f + 45. Let u(i) = -17*b(i) + 6*j(i). List the prime factors of u(13).
2, 3
Let v(b) = -251*b**3 - 6*b**2 + 3*b + 6. What are the prime factors of v(-5)?
2, 1951
Let a(q) = q**3 + 22*q**2 + 55*q + 87. Let f be a(-20). Let c = f + 483. What are the prime factors of c?
2, 3, 5
Suppose 11*c = 15*c - 28. Let w be c/28 - (186/8)/(-3). Suppose -w*n + 93 = -51. What are the prime factors of n?
2, 3
Suppose i - 5 = 2*s, -3*i - 5*s + 2 = 20. Let t = 2 - -1. List the prime factors of 55*t/(i + 4).
5, 11
Suppose -4*f + 2*j = -6, 3*f + 0 - 1 = 5*j. Suppose -f*c = -3*c. Suppose 2*o + c*o - 34 = 0. List the prime factors of o.
17
Let a be (7/((-21)/(-22)))/(2/9). Suppose -a - 3 = 6*y. List the prime factors of (13/2)/(y + (-724)/(-120)).
3, 5, 13
Let i = -96 + -21. Let c = i + 175. List the prime factors of c.
2, 29
Let b be (-85)/(-5) - (6 + -2). Let w(x) = 2*x**2 - 15. Let q be w(b). Suppose 3 = -5*h + q. List the prime factors of h.
2
Let k(u) be the first derivative of u**4/4 - 37*u**3/3 + 5*u**2 + 65*u + 38. What are the prime factors of k(37)?
3, 5, 29
Suppose 3*i = -i - 4, 4*r = 4*i + 60. Suppose 22191 = -s + r*s. What are the prime factors of s?
3, 569
Suppose -3256 = -0*q - 2*q. Suppose -3*l = 5*d - q - 111, -4*d - 1757 = -3*l. What are the prime factors of l?
11, 53
Suppose 0*m = 20*m - 2380. Let v(w) = -w**3 - 9*w**2 + w + 11. Let p be v(-9). Suppose -p*s - 2*o + 39 = -m, 0 = 3*o. List the prime factors of s.
79
Let o(p) be the first derivative of -83*p**4/4 + p**3/3 - p**2/2 + 5*p - 38. List the prime factors of o(-2).
3, 5
Let h = -232 + 329. Suppose u + 12 = -h. Let s = -106 - u. List the prime factors of s.
3
List the prime factors of (1825*3)/(92/184).
2, 3, 5, 73
Let z be (-5)/(-2) + 4/(-8). Let m(w) = 0*w**z + 5*w + 0*w**2 + w**2 + 0*w**2. What are the prime factors of m(-7)?
2, 7
Let s(h) be the third derivative of 13/24*h**4 + 0*h + 0 + 10*h**3 - 22*h**2. What are the prime factors of s(10)?
2, 5, 19
Suppose -z + 560 = 7*x - 8*x, 5*x + 15 = 0. Let l = z + -524. What are the prime factors of l?
3, 11
Let p(z) = 19*z**2 + 3*z**3 - 4*z**3 - 15*z - 7 - 33. Let w be p(18). Suppose -5*j + 16 + w = 0. List the prime factors of j.
2, 3
Let o = 41 - 36. Suppose o*a - 20 = 0, -2*a - 9 = 3*u + 4. What are the prime factors of (0 - 382)*(-1 - u/14)?
191
Let v(j) = j**3 + 26*j**2 - 10*j + 99. Let q be v(-25). Let i = 1865 - q. List the prime factors of i.
3, 11
Suppose 4*j - 243 = 2421. Suppose -3*s - w + j = -0*w, -s + 5*w = -222. What are the prime factors of s?
2, 3, 37
Let r(u) = 45*u**2 + 34*u + 278. Let a be r(-8). List the prime factors of 14/(-28) + 0 + a/4.
7, 103
Suppose 5*s = 4*k - 28154, 2*k = -4*s - 864 + 14980. What are the prime factors of k?
2, 13, 271
Let b = 192 + -185. What are the prime factors of (-8)/(8/b) - -191?
2, 23
Let a = 46575 - 4649. List the prime factors of a.
2, 20963
Suppose 0*t + t + 59 = -p, -t + 5 = 0. Let g = p + 99. List the prime factors of 2212/g - (-2)/(-10).
3, 7
Let a = 2086 - -18902. What are the prime factors of a?
2, 3, 11, 53
Let y(g) = g**2 + 5*g + 4. Let a be y(-6). Let w = -59 + 82. Suppose -a = -3*b + w. What are the prime factors of b?
11
Let m be (-48)/36 + 1108/3. Let j = 400 - m. What are the prime factors of j?
2
Let q(u) = -6*u**3 - 27*u**2 - 105*u - 17. List the prime factors of q(-19).
5, 11, 607
Let x(b) = 639*b**2 - 2. What are the prime factors of x(-3)?
5749
Let v be (-5 + (-110)/(-30))/(1/(-507)). Let g = -379 + v. What are the prime factors of g?
3, 11
Suppose 0 = 9*k - 579 + 8607. Let c = 907 + k. What are the prime factors of c?
3, 5
Let v be 2/(-5) + 8/((-40)/(-117)). Let g = v - 20. Suppose 0 = -3*d + 4*x + 271, g*d - 2*x + x = 286. What are the prime factors of d?
97
Let j = -41 + 51. Let v be (-14 + 4)*j*-1. Suppose -5*z = -5, 2*k = -z + v - 27. What